v be q(-15). Let k = v + 643. Is k a composite number?
True
Let z(f) = 34709*f - 78. Is z(1) a composite number?
False
Let g(o) = -11*o**3 - 9*o - 1. Is g(-4) a composite number?
False
Let i = -2656 - -5330. Suppose -4*t + i = -2*z, -z - 307 = -t + 359. Is t a prime number?
False
Let y(c) = -4*c**2 - 4*c - 16. Let w be y(-7). Let r = 363 + w. Is r composite?
False
Is ((-5)/((-35)/(-259)))/((-1)/23) composite?
True
Let h(z) = 5*z**2 - 9*z + 22. Let f be h(18). Let c = f + -951. Is c composite?
True
Suppose -3*l - 4 = 5, 3*a - 3*l = 2307. Suppose -2*k - 4 + 14 = 0. Suppose -k*i + 742 = 2*b + b, -3*b = -i - a. Is b a composite number?
True
Is 85518/(-30)*10/(-6) prime?
True
Let w(r) = 18 + 11 + 7 + 2*r**3 - 9 - 12*r - 10*r**2. Is w(10) composite?
False
Suppose 19 = 3*v + 7. Suppose -6*l = -v*l - 4466. Suppose -5*d - 5*h = -2245, 2*h + l = 5*d + 4*h. Is d a composite number?
True
Suppose 5*f - 2*f - 3296 = -o, -5*o = -f + 1104. Is f prime?
False
Suppose -168*i + 164*i + 4436 = 0. Is i composite?
False
Let c = 23 + -13. Suppose -c - 2 = -3*x. Suppose -9 + 29 = -4*j, -j - 225 = -x*h. Is h composite?
True
Suppose 14915 = 7*x - 57822. Is x composite?
False
Suppose 4*o + 76 = 24. Let b = o - -15. Suppose 3*y - 6*y = b*k - 101, 133 = 4*y + 3*k. Is y a composite number?
False
Suppose 20*b + 3*t = 21*b - 34094, 34069 = b + 2*t. Is b a composite number?
True
Let a(l) = 3*l**2 - 7*l + 73. Is a(8) a composite number?
True
Let u = 12 - 12. Suppose u = 4*d - 0*d - 20. Suppose -d*a + 47 = -18. Is a composite?
False
Suppose -30*s = -21*s - 94077. Is s a prime number?
True
Suppose 2*v - 2*u = -6*u + 22, 0 = 2*v + 2*u - 14. Suppose -4*q - o = 3*o - 13216, v*q - 5*o = 9920. Is q a composite number?
True
Let c be 6/(-15) + 12215/(-25). Let x = 878 + c. Is x composite?
False
Let h be ((-12)/9)/(2 - 69/36). Let t(r) = -28*r + 43. Is t(h) composite?
False
Let x be (-200)/(0 + -1) + -1. Suppose -s + 246 = -x. Is s a prime number?
False
Suppose -5200 = -150*l + 200750. Is l a prime number?
True
Let y = 14 - 23. Let k(s) = s**3 + 8*s**2 - 10*s - 4. Let z be k(y). Is 765/18*6/z prime?
False
Let v = 5 + -2. Suppose 631 + 494 = c. Suppose c + 60 = v*y. Is y composite?
True
Let v = 27 - 25. Suppose 5*x = -r + 191, v*r - r - 3*x = 159. Suppose -2*f = -c - 196 - 126, -f + r = 2*c. Is f composite?
False
Suppose 52*v = 1921249 + 344547. Is v a prime number?
True
Suppose 4*c - 603 = 5*w, 3*c - w = -0*w + 455. Suppose -4*a = -a - 9. Suppose -4*q - 95 = -3*s + c, -q = -a*s + 262. Is s prime?
True
Let q(x) = -x. Let d(b) = 9*b + 3. Let j = 3 - -1. Let n(u) = j*q(u) + d(u). Is n(4) a prime number?
True
Let x = 1650 + -944. Let q = x - 318. Suppose -2*y - 4*w = 2*y - q, 3*w + 279 = 3*y. Is y a prime number?
False
Let n(u) = u - 1. Let j be n(3). Suppose -4*t - 4*o = -1 - 1187, 0 = -j*t - 4*o + 598. Is t composite?
True
Suppose -x + 7 - 5 = 0. Suppose 5*l - x*u = 10767, -3*l - 2*u + 8628 = l. Is l composite?
True
Let c(w) = 68*w**2 - 8*w + 3. Let n be c(4). Let m = n - 146. Is m a prime number?
False
Let s(f) = 421*f**2 - 4*f - 10. Is s(-3) a composite number?
True
Let q(m) = m**2 - 2*m + 1. Let j be q(1). Suppose -5*b + 8*b - 789 = j. Is b a prime number?
True
Suppose 10*v + 3*v - 6526 = 0. Is v a composite number?
True
Let r = 1241 + 8414. Is r a composite number?
True
Let u be (1/2)/((-2)/(-24)). Let d be 1/(1 + (-8)/u). Is (-91)/(-3) - 2/d a composite number?
False
Let c(s) = 20*s**3 - 4*s**2 + 14*s + 9. Is c(6) a prime number?
False
Let v = 501 - -6248. Suppose -5*p = 12*p - v. Is p a composite number?
False
Suppose 5*n = 4*n + 21. Let f be (3 - 3) + 0 + n. Let o = f + 38. Is o composite?
False
Let d(z) = -8*z + 9895. Is d(0) a composite number?
True
Let h = -525 - -3725. Suppose -5*g + 0*g = -4*c - 28, 0 = 3*g + 4*c - 4. Suppose 2*u - 7*u - h = -5*y, y = g*u + 655. Is y composite?
True
Let i(v) = -120*v - 17. Let a be 1 + 2 + 18/(-6). Suppose a = -5*p + 2*p - 39. Is i(p) composite?
False
Is 7 + 8 + 1103 + 6/(-2) a prime number?
False
Let w = -11743 - -19782. Is w composite?
False
Let z = 2 + 0. Suppose z*m + 2*m + 16 = 4*i, 3*i + 4*m = 5. Suppose -27 = -i*j + 546. Is j composite?
False
Let k(n) = n**3 - 25*n**2 - n + 33. Let y be k(25). Let x(b) = 462*b - 1. Is x(y) prime?
False
Let z = 82 - 85. Is 1016/10*((-5)/10 - z) composite?
True
Let c be (1/2)/((-3)/(-18)). Let l(f) = -1 + 9*f + 0 + 0 - 2 - f**2 + f**c. Is l(8) a prime number?
False
Is 12 + -2 + 3 + 4270 composite?
False
Let b(z) = -10 + 1 + 331*z - 95*z. Suppose -2*w = -n - 1, -2*w - 2*w - 8 = -4*n. Is b(w) prime?
False
Let k = -1530 - -12643. Is k composite?
False
Suppose 9*b = 74069 + 40852. Suppose 0 = -2*x + 3*f + b, -9 = -f - 2*f. Is x prime?
True
Let k(h) = -h + 4. Let b(i) = -i + 2. Let x be b(2). Let m be k(x). Suppose 160 = -3*r + m*r + 2*v, -3*r - 2*v = -492. Is r prime?
False
Let o be -3 - (18/(-3) + -3). Let b(l) = 2*l**2 - 7*l - 1. Let y be b(4). Is 1/y + 676/o a prime number?
True
Let n(j) = j + 1. Let z be n(-3). Let o be (8/z - -8) + -2360. Is 4/(-12) + o/(-3) prime?
False
Let z(a) = a**2 + 7*a - 7. Let w be z(-8). Is (-1 - w)*666/(-12) a composite number?
True
Suppose 1917 = i - 327. Suppose 2*n + 3 + 2 = -t, 4*t + 20 = 4*n. Suppose n = -4*c + 4*v + i, 0 = -c - 2*v - v + 545. Is c composite?
False
Let b = -1220 - -1728. Suppose -4*a = -2*f - 12 - 0, 4*f - 4 = a. Suppose 2*n = -f*n + b. Is n a prime number?
True
Suppose 1 + 3 = 2*g, -4*d = 5*g - 18. Suppose -c - 137 = -2*j, 0*j - 4*c + 122 = d*j. Let k = j + 192. Is k prime?
False
Let l = -950 + 1372. Is l + ((-1)/(-2))/(2/(-12)) prime?
True
Suppose 3*t + 1 = 2*m + 12, t + 1 = -4*m. Let r(w) = -w - 3. Let a be r(m). Is 2/(a*3/(-117)) a composite number?
True
Let u be 6/((18/15)/2). Is 10/4*932/u a composite number?
False
Let x = 471 + -148. Is x a prime number?
False
Suppose 0 = 12*w - 40762 + 1750. Is w a composite number?
False
Let n = 101 - 99. Suppose 0 = n*c + 3*q - 4877, 3172 - 10486 = -3*c - 3*q. Is c a prime number?
True
Let i = 160 - -259. Is i prime?
True
Let h(t) = 10681*t**2 + 40*t - 1. Is h(2) prime?
False
Let o be 2*(4 + -3 + 1). Suppose -6 = -2*j, -o*a + 3*j = -j - 8584. Is a a prime number?
False
Suppose 5*r - 4*v = 6336, 7*v - 10*v = 5*r - 6343. Suppose r + 78 = 2*z. Is z composite?
False
Suppose 0 = q - 1, -3*j + 48 + 12 = 3*q. Let o = j - -12. Is o prime?
True
Let w = -129 - -132. Suppose -5*m + 4*z + 22421 = 0, 2*m + z - 8970 = w*z. Is m composite?
False
Suppose 29*p + 118655 = 34*p. Is p a composite number?
True
Let w(k) = -k**3 - k**2 + k + 655. Let r = -2 - -2. Is w(r) a composite number?
True
Suppose 0 = 2*f + 5*d - 33677, -7*d = 3*f - 2*d - 50518. Is f a prime number?
False
Let z(l) be the third derivative of l**4/24 + l**3/3 + l**2. Let v be z(2). Suppose -117 = b - v*b. Is b prime?
False
Let a be (-402)/(-9) + 6/(-9). Let h = 215 + a. Is h prime?
False
Let w = 66 + 146. Suppose w = z - 45. Is z composite?
False
Let v(n) = 984*n + 217. Is v(47) prime?
False
Suppose -222 = -5*g - 5*a - 1117, 0 = -5*a - 15. Suppose 3*u - 4*c = -40, 2*u + 17 - 5 = -c. Is 7 + u - g/2 prime?
False
Let l = 28 - -7. Let b = 31 - l. Let a(u) = 25*u**2 + 5*u - 1. Is a(b) composite?
False
Let s(k) = -k**3 - 8*k**2 + 8*k - 6. Let g be s(-9). Let a(z) = -z**2 - 2*z + 5. Let d be a(g). Is (-4272)/d - (-1)/(-5) composite?
True
Let a(w) be the first derivative of 2*w**2 - 2*w + 8. Let m be a(1). Suppose m*r = 3*r - 587. Is r composite?
False
Suppose 0 = -15*z + 153361 + 34364. Is z a prime number?
False
Let l(a) = 158*a - 39*a - 22 - 1. Is l(14) composite?
True
Suppose 9*u + 4*d + 978 = 11*u, 2*u - 978 = d. Is u composite?
True
Let d = 15 - 8. Let j be -10 + d + 32*4. Suppose 200 = 3*z - 5*h, 2*z + h = -4*h + j. Is z prime?
False
Let u = 12 + -20. Is u/10 + 6294/30 a composite number?
True
Is (29 + -2)/9*10559/3 a prime number?
True
Let q(k) = 32*k + 30. Let s(l) = -3*l + 50. Let p be s(8). Is q(p) a composite number?
True
Let k be -2 - -2 - (4 - -156). Let v = k + 383. Is v prime?
True
Suppose 3*v = -z - 4, 4*v + 14 = -2*z + v. Let h(p) = 10*p**2 - 10*p + 3. Is h(z) composite?
False
Let p(q) = -q**3 - 8*q**2 + 23*q + 11. Let z be p(-9). Is 7/(1/z*-5) composite?
True
Suppose r = 5*x + 27, 4*r + 7*x - 2*x + 17 = 0. Suppose r*n - 217 - 173 = 0. Suppose -d = -4